{"id":1883,"date":"2023-10-09T11:20:09","date_gmt":"2023-10-09T11:20:09","guid":{"rendered":"https:\/\/b-physio.hu\/?page_id=1883"},"modified":"2023-10-09T11:23:10","modified_gmt":"2023-10-09T11:23:10","slug":"impresszum","status":"publish","type":"page","link":"https:\/\/b-physio.hu\/index.php\/impresszum\/","title":{"rendered":"impresszum"},"content":{"rendered":"\t\t<div data-elementor-type=\"wp-page\" data-elementor-id=\"1883\" class=\"elementor elementor-1883\">\n\t\t\t\t\t\t\t<div class=\"elementor-element elementor-element-4cf9e50 e-flex e-con-boxed e-con e-parent\" data-id=\"4cf9e50\" data-element_type=\"container\" data-settings=\"{&quot;content_width&quot;:&quot;boxed&quot;}\" data-core-v316-plus=\"true\">\n\t\t\t\t\t<div class=\"e-con-inner\">\n\t\t\t\t<div class=\"elementor-element elementor-element-7dac321 elementor-widget elementor-widget-text-editor\" data-id=\"7dac321\" data-element_type=\"widget\" data-widget_type=\"text-editor.default\">\n\t\t\t\t<div class=\"elementor-widget-container\">\n\t\t\t<style>\/*! elementor - v3.17.0 - 01-11-2023 *\/\n.elementor-widget-text-editor.elementor-drop-cap-view-stacked .elementor-drop-cap{background-color:#69727d;color:#fff}.elementor-widget-text-editor.elementor-drop-cap-view-framed .elementor-drop-cap{color:#69727d;border:3px solid;background-color:transparent}.elementor-widget-text-editor:not(.elementor-drop-cap-view-default) .elementor-drop-cap{margin-top:8px}.elementor-widget-text-editor:not(.elementor-drop-cap-view-default) .elementor-drop-cap-letter{width:1em;height:1em}.elementor-widget-text-editor .elementor-drop-cap{float:left;text-align:center;line-height:1;font-size:50px}.elementor-widget-text-editor .elementor-drop-cap-letter{display:inline-block}<\/style>\t\t\t\t<p><span lang=\"EN-US\"><strong>N\u00e9v:<\/strong> Bisztricz \u00c1kos<br \/><\/span><span lang=\"EN-US\"><strong>C\u00edm:<\/strong> 8000 Sz\u00e9kesfeh\u00e9rv\u00e1r, Lomnici u. 79.<br \/><\/span><span lang=\"EN-US\"><strong>Telefon:<\/strong> +36204671384<br \/><strong>E-mail:<\/strong> info@b-physio.hu<\/span><\/p><p><span lang=\"EN-US\"><strong>Internet:<\/strong> https:\/\/b-physio.hu<br \/><\/span><\/p><p><strong><span lang=\"EN-US\">T\u00c1RHELYSZOLG\u00c1LTAT\u00d3:<\/span><\/strong><\/p><p><span lang=\"EN-US\"><strong>C\u00e9gn\u00e9v:<\/strong>\u00a0Rackhost Zrt.<br \/><strong>Posta c\u00edm:<\/strong>\u00a06722 Szeged, Tisza Lajos k\u00f6r\u00fat 41.<br \/><strong>Sz\u00e9khely c\u00edm:<\/strong>\u00a06722 Szeged, Tisza Lajos k\u00f6r\u00fat 41.<br \/><strong>Telefon:<\/strong>\u00a0+36 1 445 1200<br \/><strong>Fax:<\/strong>\u00a0+36 1 445 1201<br \/><strong>Ad\u00f3sz\u00e1m:<\/strong>\u00a025333572-2-06<\/span><\/p>\t\t\t\t\t\t<\/div>\n\t\t\t\t<\/div>\n\t\t\t\t\t<\/div>\n\t\t\t\t<\/div>\n\t\t\t\t\t\t\t<\/div>\n\t\t","protected":false},"excerpt":{"rendered":"<p>N\u00e9v: Bisztricz \u00c1kosC\u00edm: 8000 Sz\u00e9kesfeh\u00e9rv\u00e1r, Lomnici u. 79.Telefon: +36204671384E-mail: info@b-physio.hu Internet: https:\/\/b-physio.hu T\u00c1RHELYSZOLG\u00c1LTAT\u00d3: C\u00e9gn\u00e9v:\u00a0Rackhost Zrt.Posta c\u00edm:\u00a06722 Szeged, Tisza Lajos k\u00f6r\u00fat 41.Sz\u00e9khely c\u00edm:\u00a06722 Szeged, Tisza Lajos k\u00f6r\u00fat 41.Telefon:\u00a0+36 1 445 1200Fax:\u00a0+36 1 445 1201Ad\u00f3sz\u00e1m:\u00a025333572-2-06<\/p>\n","protected":false},"author":1,"featured_media":0,"parent":0,"menu_order":0,"comment_status":"closed","ping_status":"closed","template":"","meta":{"site-sidebar-layout":"no-sidebar","site-content-layout":"page-builder","ast-site-content-layout":"full-width-container","site-content-style":"default","site-sidebar-style":"default","ast-global-header-display":"","ast-banner-title-visibility":"","ast-main-header-display":"","ast-hfb-above-header-display":"","ast-hfb-below-header-display":"","ast-hfb-mobile-header-display":"","site-post-title":"disabled","ast-breadcrumbs-content":"","ast-featured-img":"disabled","footer-sml-layout":"","theme-transparent-header-meta":"","adv-header-id-meta":"","stick-header-meta":"","header-above-stick-meta":"","header-main-stick-meta":"","header-below-stick-meta":"","astra-migrate-meta-layouts":"set","footnotes":""},"class_list":["post-1883","page","type-page","status-publish","hentry"],"_links":{"self":[{"href":"https:\/\/b-physio.hu\/index.php\/wp-json\/wp\/v2\/pages\/1883","targetHints":{"allow":["GET"]}}],"collection":[{"href":"https:\/\/b-physio.hu\/index.php\/wp-json\/wp\/v2\/pages"}],"about":[{"href":"https:\/\/b-physio.hu\/index.php\/wp-json\/wp\/v2\/types\/page"}],"author":[{"embeddable":true,"href":"https:\/\/b-physio.hu\/index.php\/wp-json\/wp\/v2\/users\/1"}],"replies":[{"embeddable":true,"href":"https:\/\/b-physio.hu\/index.php\/wp-json\/wp\/v2\/comments?post=1883"}],"version-history":[{"count":4,"href":"https:\/\/b-physio.hu\/index.php\/wp-json\/wp\/v2\/pages\/1883\/revisions"}],"predecessor-version":[{"id":1887,"href":"https:\/\/b-physio.hu\/index.php\/wp-json\/wp\/v2\/pages\/1883\/revisions\/1887"}],"wp:attachment":[{"href":"https:\/\/b-physio.hu\/index.php\/wp-json\/wp\/v2\/media?parent=1883"}],"curies":[{"name":"wp","href":"https:\/\/api.w.org\/{rel}","templated":true}]}}